{"id":332,"date":"2022-09-28T18:18:14","date_gmt":"2022-09-28T21:18:14","guid":{"rendered":"https:\/\/verborrea.cl\/?page_id=332"},"modified":"2022-09-29T17:25:44","modified_gmt":"2022-09-29T20:25:44","slug":"sonidos-de-chile","status":"publish","type":"page","link":"https:\/\/verborrea.cl\/?page_id=332","title":{"rendered":"Sonidos de Chile"},"content":{"rendered":"\n<p>Sonidos de Chile busca ser una librer\u00eda de sonidos que se puedan encontrar en diversos lugares de Chile, desde tranquilos parques hasta bulliciosos caf\u00e9s. Esta librer\u00eda puede ser ocupada como el curioso registro de los sonidos que generamos en el territorio, como tambi\u00e9n para personas que buscan estudiar y trabajar con ruido no-distractor de fondo. <\/p>\n\n\n\n<p class=\"has-text-align-center\">\n<!-- iframe plugin v.4.7 wordpress.org\/plugins\/iframe\/ -->\n<iframe style=\"border-radius:12px\" src=\"https:\/\/open.spotify.com\/embed\/show\/6NoqmKJBxVtE9PsNIoohYs?utm_source=generator\" width=\"100%\" height=\"152\" frameborder=\"0\" allowfullscreen allow=\"autoplay; clipboard-write; encrypted-media; fullscreen; picture-in-picture\" loading=\"lazy\" scrolling=\"yes\" class=\"iframe-class\"><\/iframe>\n<\/p>\n\n\n\n<p class=\"has-text-align-center\">\t\r\n\t<div id=\"podcast-subscribe-button-369\" class=\"secondline-psb-round-style secondline-psb-alignment-none\">\r\n\t\t\n\n<div class=\"secondline-psb-subscribe-inline\"><span class=\"secondline-psb-subscribe-Anchor\"><a onMouseOver=\"this.style.color=`#ffffff`; this.style.backgroundColor=`#2a2a2a`\" onMouseOut=\"this.style.color=`#ffffff`; this.style.backgroundColor=`#000000`\" style=\"color:`#ffffff`; background-color:`#000000`\" class=\"button podcast-subscribe-button\" href=\"https:\/\/anchor.fm\/sonidosdechile\" target=\"_blank\"><img decoding=\"async\" class=\"secondline-psb-subscribe-img\" src=\"https:\/\/verborrea.cl\/wp-content\/plugins\/podcast-subscribe-buttons\/assets\/img\/icons\/Anchor.svg\" alt=\"Anchor\" \/>Anchor<\/a><\/span><span class=\"secondline-psb-subscribe-Spotify\"><a onMouseOver=\"this.style.color=`#ffffff`; this.style.backgroundColor=`#2a2a2a`\" onMouseOut=\"this.style.color=`#ffffff`; this.style.backgroundColor=`#000000`\" style=\"color:`#ffffff`; background-color:`#000000`\" class=\"button podcast-subscribe-button\" href=\"https:\/\/open.spotify.com\/show\/6NoqmKJBxVtE9PsNIoohYs\" target=\"_blank\"><img decoding=\"async\" class=\"secondline-psb-subscribe-img\" src=\"https:\/\/verborrea.cl\/wp-content\/plugins\/podcast-subscribe-buttons\/assets\/img\/icons\/Spotify.svg\" alt=\"Spotify\" \/>Spotify<\/a><\/span><span class=\"secondline-psb-subscribe-Google-Podcasts\"><a onMouseOver=\"this.style.color=`#ffffff`; this.style.backgroundColor=`#2a2a2a`\" onMouseOut=\"this.style.color=`#ffffff`; this.style.backgroundColor=`#000000`\" style=\"color:`#ffffff`; background-color:`#000000`\" class=\"button podcast-subscribe-button\" href=\"https:\/\/podcasts.google.com\/feed\/aHR0cHM6Ly9hbmNob3IuZm0vcy9iYjEyOTVkOC9wb2RjYXN0L3Jzcw?sa=X&#038;ved=0CAcQrrcFahcKEwiwjozzvLL6AhUAAAAAHQAAAAAQLA\" target=\"_blank\"><img decoding=\"async\" class=\"secondline-psb-subscribe-img\" src=\"https:\/\/verborrea.cl\/wp-content\/plugins\/podcast-subscribe-buttons\/assets\/img\/icons\/Google-Podcasts.png\" alt=\"Google Podcasts\" \/>Google Podcasts<\/a><\/span><\/div>                                       \n\t\t\r\n\t<\/div><\/p>\n","protected":false},"excerpt":{"rendered":"<p>Sonidos de Chile busca ser una librer\u00eda de sonidos que se puedan encontrar en diversos lugares de Chile, desde tranquilos parques hasta bulliciosos caf\u00e9s. Esta librer\u00eda puede ser ocupada como el curioso registro de los<span class=\"more-button\"><a href=\"https:\/\/verborrea.cl\/?page_id=332\" class=\"more-link\">Contin\u00faa Leyendo<span class=\"screen-reader-text\">Sonidos de Chile<\/span><i class=\"fa fa-angle-right\" aria-hidden=\"true\"><\/i><\/a><\/span><\/p>\n","protected":false},"author":1,"featured_media":0,"parent":0,"menu_order":0,"comment_status":"closed","ping_status":"closed","template":"","meta":{"footnotes":""},"class_list":["post-332","page","type-page","status-publish","hentry"],"_links":{"self":[{"href":"https:\/\/verborrea.cl\/index.php?rest_route=\/wp\/v2\/pages\/332","targetHints":{"allow":["GET"]}}],"collection":[{"href":"https:\/\/verborrea.cl\/index.php?rest_route=\/wp\/v2\/pages"}],"about":[{"href":"https:\/\/verborrea.cl\/index.php?rest_route=\/wp\/v2\/types\/page"}],"author":[{"embeddable":true,"href":"https:\/\/verborrea.cl\/index.php?rest_route=\/wp\/v2\/users\/1"}],"replies":[{"embeddable":true,"href":"https:\/\/verborrea.cl\/index.php?rest_route=%2Fwp%2Fv2%2Fcomments&post=332"}],"version-history":[{"count":10,"href":"https:\/\/verborrea.cl\/index.php?rest_route=\/wp\/v2\/pages\/332\/revisions"}],"predecessor-version":[{"id":372,"href":"https:\/\/verborrea.cl\/index.php?rest_route=\/wp\/v2\/pages\/332\/revisions\/372"}],"wp:attachment":[{"href":"https:\/\/verborrea.cl\/index.php?rest_route=%2Fwp%2Fv2%2Fmedia&parent=332"}],"curies":[{"name":"wp","href":"https:\/\/api.w.org\/{rel}","templated":true}]}}